f t?
2, 5
Let n = 106 + -67. Suppose -10 + n = r. What are the prime factors of r?
29
Suppose 6 = -l + v + 4*v, 0 = -2*l + 3*v + 9. Let n = l + -4. Suppose -5*q + 77 = 4*b, n*b - 22 = 5*q + 18. What are the prime factors of b?
13
Let v be (1 - 1)*6/(-12). Suppose v = -0*w + 5*w - 95. What are the prime factors of w?
19
Let u(j) = -j**3 - j**2 - 2*j - 19. List the prime factors of u(-7).
17
Let m be 6/27*-6*-3. Let v = m - 2. What are the prime factors of v?
2
Suppose -3*i - 172 = -7*i. What are the prime factors of i?
43
Suppose -8*u - 121 = -p - 4*u, 400 = 4*p + 5*u. List the prime factors of p.
3, 5, 7
Suppose 6 = -4*y + 2*y, y = -4*j + 129. List the prime factors of j.
3, 11
Suppose -33 = -5*g - 8. List the prime factors of g.
5
Suppose -13*q + 31 = -1620. What are the prime factors of q?
127
Let j = -27 - -30. Let o(f) = 3*f**2 + f + 2. Let l be o(-2). Suppose -j*w + 22 = -0*w + 4*n, l = -4*w + 5*n. What are the prime factors of w?
2
Let f(h) = h**2 + 11*h - 2. What are the prime factors of f(4)?
2, 29
Suppose 0*h - 12 = -3*h. Suppose 4*s - 2*k + 2 = 0, 3*k - k = -2*s - h. Let g = s + 6. What are the prime factors of g?
5
Let i(d) = -d - 2*d**2 - 2*d**2 - 1 + 4*d**2 - 25*d**3. List the prime factors of i(-1).
5
Suppose 0 = 3*p - 5*p, -4*t + 5*p = 0. Suppose 15 = 3*l - t*l. Suppose l + 2 = z. List the prime factors of z.
7
Suppose -4*s - z = 2*z - 14, -2*s - 3*z = -4. Suppose 0*c - 50 = -s*c. What are the prime factors of c?
2, 5
Let v = 6 + -4. Suppose -10 = -0*u - v*u. Let o = u - 2. List the prime factors of o.
3
Let z(j) = 7*j - 2. Let r be z(-2). Let b = 10 + r. List the prime factors of (-40)/(-4) + b/(-2).
13
Suppose 2*v = -34 + 232. What are the prime factors of v?
3, 11
Let x(h) = 2*h**3 - 4*h**2 + 3*h - 4. Suppose -o + 2*m = -5, -o + 2*o - 7 = 4*m. List the prime factors of x(o).
23
Suppose -27 = -8*c + 501. List the prime factors of c.
2, 3, 11
Let m = -46 - -67. What are the prime factors of m?
3, 7
Let n be 0/2 - (17 - -1). List the prime factors of 274/18 - (-4)/n.
3, 5
Suppose 3*n - 6*n = 66. What are the prime factors of 1/(-2)*n*1?
11
List the prime factors of 81 + 6/3 + -2.
3
Suppose 12 = 2*j + j. Let s be 88/9 - 10/(-45). Suppose j*v + s = 54. What are the prime factors of v?
11
Suppose 303 = -5*s + 3*f - 212, 206 = -2*s - 4*f. What are the prime factors of s/(-5) - 9/15?
2, 5
List the prime factors of (7 - 8)*(-112)/2.
2, 7
Suppose -4*t = h + h - 102, -5*h + 87 = 3*t. What are the prime factors of t?
2, 3
Let a(q) = q**3 - 11*q**2 + 3*q - 13. Let o(z) = z**2 + 2. Let f = 6 - 9. Let d be o(f). List the prime factors of a(d).
2, 5
What are the prime factors of 7/(2 + (-15)/10)?
2, 7
Let x = -1 - -3. Suppose l = -3*c - 57, 7*l = -x*c + 3*l - 38. Let b = 31 + c. List the prime factors of b.
2, 3
Let t = 261 + -184. What are the prime factors of t?
7, 11
Let x be 539/66 - (-2)/(-12). Suppose -10*g + x*g + 20 = 0. List the prime factors of g.
2, 5
Suppose -78 = p - 3*p. What are the prime factors of p?
3, 13
Let x = -12 - -21. Let o = -4 - -5. Let n = x + o. List the prime factors of n.
2, 5
Suppose 0*p = -p + 3. Let t = 5 - p. Suppose 0 = -a - t*f - 3, 4*f + 43 = 4*a + 7. What are the prime factors of a?
5
Suppose 7*z - 2*z - 9 = n, -2*z - 3*n - 10 = 0. Suppose 3*w - w - 5 = v, -4*v = -w - z. What are the prime factors of w?
3
Suppose 5*g - 13 = -3. What are the prime factors of g?
2
Let m(g) = g - 2. Let f be m(6). Suppose -2*x - y - 18 = -7*x, f*y - 8 = 0. What are the prime factors of x?
2
Let j(u) = u**2 + 3*u - 5. Let q be j(-5). Suppose 2*h - q*i = 4, -5*h - 2*i + 10 + 29 = 0. List the prime factors of h.
7
Suppose -3*v + 2*v = -3. Suppose 45 = 3*f + v*y - 5*y, -4*f - 3*y + 43 = 0. What are the prime factors of f?
13
Suppose -4*b - 16 = -f, -2 = 4*f + b + 2. Let a(d) = d**3 - d + 2. What are the prime factors of a(f)?
2
Let i = 16 - 7. Let c = i + -3. List the prime factors of 48/4*4/c.
2
Suppose 4*x + 5*w = 57, -x + 5*w = -2 + 19. Let b(q) = q - 6. Let n be b(x). Suppose 3*t = -2*f + t + 2, t = -n*f + 6. List the prime factors of f.
5
Suppose -4*m = 2*i + 64, m = -2*i - 18 - 1. Let y be 2/(24/m + 2). What are the prime factors of (11 + -1)*y/5?
2, 5
Let f be -1*(-3 - -13)/2. What are the prime factors of (-96)/20*f*1?
2, 3
Let c be (1/2)/((-9)/18). Let x be 4 + 2/1*c. Suppose 2*i + x - 22 = 0. List the prime factors of i.
2, 5
Suppose -2*q = -n - 10, -5*q - n + 24 = -4*n. Let x be (-4)/12 - 16/q. List the prime factors of 14 - (-3)/(1*x).
13
Let d = 108 - 42. What are the prime factors of d?
2, 3, 11
Let o(v) = 3*v**2 + 3*v + 3. Let k = 3 - 5. Let s be o(k). List the prime factors of (-3)/((s/(-3))/21).
3, 7
Suppose 0 = -11*r + 731 + 765. What are the prime factors of r?
2, 17
Suppose 0 = 2*b - 2 - 2. Suppose b*f = 3*x + 31, -4*x - 2 = 10. List the prime factors of f/2 - 7/14.
5
Let j = -11 - -15. Suppose -l - n + 3 = 0, 4*l + 9*n - j*n = 10. What are the prime factors of (-2)/l + 37/5?
7
Let k = 13 - 9. Suppose 8 = k*c, 0 = -3*f - c - 0*c + 26. List the prime factors of f.
2
Suppose 0 = -0*h - 4*h. Suppose h = 3*o + 2*o - 50. List the prime factors of o.
2, 5
Let f(t) = t**3 - 7*t**2 - 9*t + 11. Let q be f(8). List the prime factors of (q/6)/(-1)*-22.
11
Suppose -3 = -h + 5. Suppose 3*q - q - h = 0. What are the prime factors of q?
2
Let b(q) = -3*q**3 - 29*q**2 - 8*q - 9. What are the prime factors of b(-10)?
3, 19
Suppose 67 = 3*n + z, 5*n - z = z + 97. Let q(s) = -2*s. Let a be q(1). List the prime factors of a*9/n*-14.
2, 3
Suppose 0 = 5*q - 2*b - 266, -3*q = -4*b - b - 152. List the prime factors of q.
2, 3
Suppose -25 = 2*y + 1. Let h = y + 27. List the prime factors of h.
2, 7
Let w be 1/(-3)*(0 + -9). Suppose -3*g - 1 = 3*q - 13, 0 = w*q + 5*g - 16. List the prime factors of q.
2
Let c(p) = -5*p - p - 7 + 3*p. Let l = 9 + -15. List the prime factors of c(l).
11
Suppose 3*k - 5 = 2*k. Suppose -8 - k = t. Let l = t - -21. List the prime factors of l.
2
List the prime factors of 4/(16/764) + -4.
11, 17
Let m(i) = -2*i - 7. Let d be m(-6). Suppose -d = 5*q - 45. Suppose -3*r = -2*r - 3*x + 3, -q = -4*x. List the prime factors of r.
3
Let y = -5 + 8. Suppose 0 = -y*h + b, 7 = -2*h + 2*b + b. Suppose 5*r - h = 19. List the prime factors of r.
2
Let c be ((-4)/2 + 4)*5. Suppose -5*u = 3*q - c, 5*u - 2 = q - 12. What are the prime factors of u + 8 + 6/3?
3
Let i(f) = 2*f**2 + 3*f + 1. Let l be i(-2). Suppose 34 = l*k - k. List the prime factors of k.
17
Suppose -2*f + 3*f - 4 = 0. What are the prime factors of f?
2
Let c be -6 - (-3 - (1 + -2)). What are the prime factors of 18/4 + 2/c?
2
Let a be ((-3)/9)/(2/(-6)). Let s = a + 1. List the prime factors of (4/(-5))/s*-20.
2
What are the prime factors of (-2)/(-18) + 179/9?
2, 5
Let s(z) = -z + 4. Let x be s(0). Suppose -x*r - r = -45. What are the prime factors of r?
3
Suppose f = 3*s - 708, -s - 4*f = -3*f - 232. What are the prime factors of s?
5, 47
Suppose 51 = 4*z + 11. Suppose -2*t + 2*c = 0, 2*t - 5*c = 17 - 2. Let k = z + t. What are the prime factors of k?
5
Suppose 4*t + 6 = -c, 0 = 5*c + 2*t - 7 + 1. Let w(o) = -3 + 2 + 0*o**2 + o**3 - o**2 + 2*o. What are the prime factors of w(c)?
7
Suppose 0*m + 3*x + 49 = 2*m, m - 27 = x. List the prime factors of m.
2
Suppose 5*i + 95 = 5*m, 76 = -3*m + 7*m + 3*i. What are the prime factors of m?
19
Suppose -2*t = -6*t + 16. Suppose 0*g + t = 2*g. What are the prime factors of (-3 - -4)/(g/12)?
2, 3
Let o = 108 + -4. List the prime factors of o.
2, 13
Suppose -3*m = -2*g - 2*m + 119, 5*m + 300 = 5*g. What are the prime factors of g?
59
List the prime factors of (1 + -5)*(-47)/2.
2, 47
What are the prime factors of 205 - (1 + (-8)/4)?
2, 103
What are the prime factors of (-2)/(-2 - 96/(-51))?
17
Let q(w) = 2*w**2 - 2*w - 1. Let j be q(-1). Let z be (-1)/((-4 + 2)/162). Suppose 5*h - j*c - z + 23 = 0, -5*c = -h + 16. What are the prime factors of h?
11
Let r be 2/(-10) - 1322/(-10). Let m be -1*(-6 + -1 + -1). What are the prime factors of 4/6*r/m?
11
Suppose -3*g - 6 = 5*n, 0 = -0*n + 2*n - 5*g - 10. Suppose n*m = -3*m - 3*j + 66, -4*j = -m + 32. Suppose -b - 3*b + m = 0. What are the prime factors of b?
2, 3
Let i(u) = -20*u - 29. Let d(m) = 7*m + 10. Let l(a) = -17*d(a) - 6*i(a). Let k(y) = -9*y**3 - y**2 + y + 1